 of 59 and r.
59
Suppose -80*v + 1068 = 9*v. Calculate the highest common factor of v and 114.
6
Suppose -4*g - 2*g = 0. Suppose 2*z - 6 = -g. Suppose 0 = 3*n - 5 + 20, -3*n + 12 = z*w. What is the highest common divisor of 9 and w?
9
Let d = -44 + 116. Suppose -u = -5*u - m, 4*m - 18 = 2*u. Let w be (-4 - -2)/(u/4). What is the highest common factor of d and w?
8
Let r = 165 - 159. Let d be 1/3 - 14/(-3). Suppose d*f - r*f = -8. Calculate the greatest common divisor of f and 16.
8
Let c(h) = h**2 - 2*h. Let a be c(5). Let w(j) = 3*j**2 + 217*j - 235. Let z be w(-74). Calculate the greatest common factor of a and z.
15
Let s = 101 - 71. Let o(q) = 5*q - 5. Let r = 13 - 9. Let n be o(r). Calculate the highest common divisor of n and s.
15
Let t = 143 + -83. Let j be (-54)/(-5)*t/8. Let x be (1/(3/j))/1. Calculate the greatest common divisor of 108 and x.
27
Let i = 8 + 4. Suppose -4*f - 129 = -y, 4*y = -f + 3*f + 502. Let g = y - 65. Calculate the highest common divisor of g and i.
12
Suppose -3*t + 4*b = -6, 3*b - 8 = -5*t + t. Let x be (-8 - -11) + 250/t. What is the greatest common divisor of 16 and x?
16
Let k be 4/(-4)*5/(-15)*3. What is the highest common factor of 1 and k?
1
Let j(g) = -3*g - 12. Let h = 30 + -34. Let f be (h/3)/((-4)/(-24)). Let x be j(f). What is the highest common divisor of x and 12?
12
Suppose 0*o - 17 = -o + 2*j, -5*j = 2*o + 2. Let l(d) = 3*d + 3. Let g be l(2). Calculate the highest common divisor of g and o.
9
Let b be -1 + 47 + 230/46. Calculate the highest common divisor of 561 and b.
51
Suppose -31*f - 220 = -36*f. Suppose -2*l = -5*u - 309 + f, -4*u = -4*l + 512. Calculate the highest common divisor of l and 50.
25
Suppose 0 = 5*x + 17 - 112. Suppose 6*h - 41 = x. What is the greatest common divisor of h and 2?
2
Suppose 3*f + 4*i = -35 + 45, 0 = 2*i + 4. Calculate the greatest common factor of 222 and f.
6
Suppose -31 + 11 = -5*q. What is the highest common divisor of 9 and q?
1
Suppose 2*w + 5*h = 36, 468*h = -4*w + 470*h + 24. Let u = -17 - -105. What is the greatest common divisor of w and u?
8
Suppose 4*d - 1356 = 6*o - 9*o, 0 = -5*d - 3*o + 1698. Calculate the greatest common divisor of d and 18.
18
Suppose 2*s - 5*i - 362 = -2*s, 5*s - i = 442. Let n be 132/(-18)*(-12)/8. What is the highest common factor of s and n?
11
Let z = -364 - -478. Calculate the greatest common factor of z and 133.
19
Let n be (-656)/(-208) - 4/26. Suppose n*h + 24 = 4*b - b, -12 = b - 5*h. Calculate the greatest common divisor of b and 13.
13
Suppose -70*t = -3*t - 8107. What is the highest common divisor of t and 308?
11
Let l be (1/((-4)/(-38)))/(3/(-30)). Let g = l + 431. What is the highest common factor of g and 42?
42
Let m(u) = u**2 + 19*u - 44. Let l be m(-22). Calculate the highest common factor of l and 99.
11
Let j = -11 - -13. Suppose 2*q + j*x = 62, 4*q - 100 = 4*x - 0*x. Let h = 83 - q. What is the greatest common factor of h and 11?
11
Suppose -5 = -v - 3. Suppose 4*r + 1 + 3 = v*g, r - 26 = -4*g. Suppose -1167*y = -1171*y + q + 6, 3*y = -q + 8. What is the highest common factor of y and g?
2
Let f(g) = g**3 + 13*g**2 + 11*g + 14. Let o be f(-11). Suppose h - 564 = -3*w, 0 = w - 3*h - o - 43. Calculate the highest common divisor of 17 and w.
17
Let x(g) be the first derivative of -g**3/3 - 7*g**2/2 - 4*g - 17. Let n be x(-3). What is the greatest common divisor of 88 and n?
8
Let z = 719 + -415. What is the highest common factor of 48 and z?
16
Suppose 2*r + 132 = 4*r. Let h = 261 - 217. What is the greatest common factor of h and r?
22
Suppose 16 + 2 = -2*r. Let x(q) = -20761*q**2 + 20760*q**2 - 8*q - 2*q + 17. Let i be x(r). What is the greatest common factor of i and 208?
26
Suppose 6*z + 2*z - 4*z = 0. Let p be z - (-10 + -3 - 4). Calculate the greatest common factor of 51 and p.
17
Suppose 540 = 40*f - 35*f. Calculate the highest common factor of f and 135.
27
Suppose 22*b - 108 = -20. What is the highest common factor of b and 8?
4
Suppose q + 2*g - 8 = 240, -4*g + 1246 = 5*q. What is the greatest common divisor of q and 225?
25
Suppose 0 = -2*i + 65 - 11. Let p(m) = -m**3 + 5*m**2 + m + 4. Let s be p(5). Calculate the highest common factor of i and s.
9
Let k(l) = 0*l**2 + 2 - 4 + 17*l**2. Let j be k(1). What is the greatest common factor of j and 3?
3
Let q(i) = -10*i - 101. Let t be q(-11). What is the highest common factor of 27 and t?
9
Suppose -5*y + 10*y = 500. Let n be y*(7/2 - 4). Let k be (-13 + 16)/((-2)/n). Calculate the highest common factor of k and 30.
15
Let j(h) = 42*h - 12. Let s be j(1). What is the greatest common divisor of s and 390?
30
Let x be (-3 + -207 + -1)*-1. Suppose -7*c + 34 + x = 0. Calculate the highest common factor of 21 and c.
7
Suppose -2532*p = -2535*p + 1650. Calculate the highest common factor of 385 and p.
55
Let z = 12 - 17. Let y be (1 - -1) + 0/(-7). Let k be 736/40 + y/z. Calculate the greatest common factor of 45 and k.
9
Suppose 8*b - 3920 = 4*b. What is the highest common factor of b and 35?
35
Let k(a) = 4*a + 3. Let u be k(-3). Let r = u + 12. Suppose 5*x = 27 + r. Calculate the greatest common factor of 18 and x.
6
Suppose 4*i + 3*w - 92 = 0, 0 = i - 2*i - 4*w + 23. Suppose i = -v + 3. Let s = v + 28. Calculate the greatest common divisor of 4 and s.
4
Let j be 2/(-9) + 130/18. Suppose 0 = d + 2*l - 15, -5*d + 2*l = -2*l - 5. Suppose -3*m = d*m - 504. Calculate the highest common divisor of j and m.
7
Let y(d) be the first derivative of -d**4/4 - 5*d**3 - 11*d**2/2 + 35*d - 22. Let l be y(-15). Calculate the greatest common factor of 25 and l.
25
Let k(o) = 10*o + 1. Let m be k(2). Suppose l + 2*l - 693 = 0. Calculate the greatest common factor of l and m.
21
Let l be 44 + -5 + 1 - 0/(-1). Let v = 58 - l. What is the greatest common divisor of v and 2?
2
Let y = 175 - 155. Calculate the highest common factor of y and 380.
20
Let t = 46 + -32. Let h = 15 - t. Suppose -2*a + 7 = -3. Calculate the highest common factor of a and h.
1
Suppose 44*i = 33*i + 264. Calculate the greatest common divisor of 40 and i.
8
Let z be (-2)/(3 + 116/(-36)). Let u = z + -6. Let h(v) = v + 3. Let f be h(3). Calculate the highest common divisor of f and u.
3
Let v be ((-42)/8)/((-4)/(-32)*2). Let s be 330/21 + ((-48)/v - 2). What is the greatest common divisor of s and 144?
16
Let x(q) = -q**3 + 9*q**2 + 10*q - 6. Let y be x(6). Calculate the highest common factor of 405 and y.
81
Suppose 5*f - 10 = -b, -f - 16 = -b - 0. Suppose 4*w = b + 29. What is the highest common divisor of w and 55?
11
Suppose 4 = 2*t, 4*t - 323 = -4*r - 27. Calculate the greatest common divisor of r and 84.
12
Let u = 1365 + -1343. What is the greatest common divisor of u and 2?
2
Suppose -740 - 1640 = 20*f. Let v = 142 + f. Calculate the highest common factor of v and 69.
23
Suppose -3*i + 3*g = g - 99, 0 = -2*i - g + 66. Calculate the greatest common factor of 66 and i.
33
Let z = -13 + 49. Calculate the greatest common factor of z and 432.
36
Let o(x) = 3*x**2 - 3. Let j(h) = -2*h - 3*h + 0*h**2 + h**2 - 5 + 3*h. Let u be j(4). Let p be o(u). What is the highest common divisor of p and 60?
12
Let p = 950 + -938. What is the highest common factor of 282 and p?
6
Suppose -s - 23 = -2*o, 3*s = o - 3 - 1. What is the highest common factor of o and 117?
13
Let t(u) = -u**3 - 11*u**2 - 9*u - 8. Let y be t(-10). Let g be (132/y)/(4/(-6)). What is the highest common factor of 77 and g?
11
Let t = -1 - -4. Let w be (-2 + t)/((-2)/(-18)). Let s be -2 - -13 - (2 - 0). Calculate the highest common factor of s and w.
9
Suppose 7*d - 2*d = 170. Suppose -2*m = 2*j - 41 - 171, j + 414 = 4*m. Let l = m - 19. What is the highest common factor of l and d?
17
Let p(k) = 3*k + 4. Let b be p(2). What is the greatest common divisor of b and 405?
5
Suppose -4*r = -4*y + 96, -276 = -4*y + 5*r - 180. What is the greatest common factor of 78 and y?
6
Let o be 8/(-20)*-2*5. Suppose -c - o*c = -5. Suppose 0 = z - 3, -3*p - z = p - 47. What is the greatest common divisor of c and p?
1
Suppose -s + 9 = -4*s. Let h be s/(12/22)*-2. Suppose -3*g + 12*j = 13*j - 263, g - 3*j - 91 = 0. What is the highest common factor of g and h?
11
Let i be (-5 + -5)*8*3/(-15). Calculate the highest common factor of i and 144.
16
Let a(o) = o